{"id":7504,"date":"2023-12-20T10:06:46","date_gmt":"2023-12-20T09:06:46","guid":{"rendered":"https:\/\/www.hplatjadaro.com\/datenschutzrichtlinie\/"},"modified":"2026-08-19T13:31:37","modified_gmt":"2026-08-19T11:31:37","slug":"datenschutzrichtlinie","status":"publish","type":"page","link":"https:\/\/www.hplatjadaro.com\/de\/datenschutzrichtlinie\/","title":{"rendered":"Datenschutzrichtlinie"},"content":{"rendered":"\t\t<div data-elementor-type=\"wp-page\" data-elementor-id=\"7504\" class=\"elementor elementor-7504 elementor-4453\" data-elementor-post-type=\"page\">\n\t\t\t\t<div class=\"elementor-element elementor-element-5fdd0a7 e-flex e-con-boxed e-con e-parent\" data-id=\"5fdd0a7\" data-element_type=\"container\" data-e-type=\"container\" data-settings=\"{&quot;background_background&quot;:&quot;classic&quot;}\">\n\t\t\t\t\t<div class=\"e-con-inner\">\n\t\t\t\t<div class=\"elementor-element elementor-element-1be5286 elementor-widget elementor-widget-heading\" data-id=\"1be5286\" data-element_type=\"widget\" data-e-type=\"widget\" data-widget_type=\"heading.default\">\n\t\t\t\t<div class=\"elementor-widget-container\">\n\t\t\t\t\t<h1 class=\"elementor-heading-title elementor-size-default\">Datenschutzrichtlinie<\/h1>\t\t\t\t<\/div>\n\t\t\t\t<\/div>\n\t\t\t\t\t<\/div>\n\t\t\t\t<\/div>\n\t\t<div class=\"elementor-element elementor-element-48bec53 e-flex e-con-boxed e-con e-parent\" data-id=\"48bec53\" data-element_type=\"container\" data-e-type=\"container\">\n\t\t\t\t\t<div class=\"e-con-inner\">\n\t\t\t\t<div class=\"elementor-element elementor-element-38b59fe elementor-widget elementor-widget-text-editor\" data-id=\"38b59fe\" data-element_type=\"widget\" data-e-type=\"widget\" data-widget_type=\"text-editor.default\">\n\t\t\t\t<div class=\"elementor-widget-container\">\n\t\t\t\t\t\t\t\t\t<p><strong>Verantwortlicher:<\/strong> Castell de Camos, S.L. &#8211; NIF: B17649757. Postanschrift: Avda. De La Platja, 25 &#8211; Castell D Aro 17249 Girona.<\/p><p>Im Namen des Unternehmens verarbeiten wir die Informationen, die Sie uns zur Verf\u00fcgung stellen, um Ihnen die angeforderte Dienstleistung zu erbringen und die Rechnungsstellung durchzuf\u00fchren. Die bereitgestellten Daten werden aufbewahrt, solange die Gesch\u00e4ftsbeziehung besteht, oder f\u00fcr die Jahre, die zur Erf\u00fcllung der gesetzlichen Verpflichtungen erforderlich sind. Die Daten werden nicht an Dritte weitergegeben, au\u00dfer in F\u00e4llen, in denen eine gesetzliche Verpflichtung besteht. Sie haben das Recht, eine Best\u00e4tigung dar\u00fcber zu erhalten, ob Castell de Camos, S.L. Ihre personenbezogenen Daten verarbeitet, und somit das Recht, auf Ihre personenbezogenen Daten zuzugreifen, unrichtige Daten zu berichtigen oder deren L\u00f6schung zu verlangen, wenn die Daten nicht mehr erforderlich sind.<\/p>\t\t\t\t\t\t\t\t<\/div>\n\t\t\t\t<\/div>\n\t\t\t\t\t<\/div>\n\t\t\t\t<\/div>\n\t\t\t\t<\/div>\n\t\t","protected":false},"excerpt":{"rendered":"<p>Datenschutzrichtlinie Verantwortlicher: Castell de Camos, S.L. &#8211; NIF: B17649757. Postanschrift: Avda. De La Platja, 25 &#8211; Castell D Aro 17249 Girona. Im Namen des Unternehmens verarbeiten wir die Informationen, die Sie uns zur Verf\u00fcgung stellen, um Ihnen die angeforderte Dienstleistung zu erbringen und die Rechnungsstellung durchzuf\u00fchren. Die bereitgestellten Daten werden aufbewahrt, solange die Gesch\u00e4ftsbeziehung besteht,&hellip;&nbsp;<\/p>\n","protected":false},"author":1,"featured_media":0,"parent":0,"menu_order":0,"comment_status":"closed","ping_status":"closed","template":"elementor_header_footer","meta":{"_acf_changed":false,"neve_meta_sidebar":"","neve_meta_container":"","neve_meta_enable_content_width":"off","neve_meta_content_width":100,"neve_meta_title_alignment":"","neve_meta_author_avatar":"","neve_post_elements_order":"","neve_meta_disable_header":"","neve_meta_disable_footer":"","neve_meta_disable_title":"","neve_meta_reading_time":"","footnotes":""},"class_list":["post-7504","page","type-page","status-publish","hentry"],"acf":[],"yoast_head":"<!-- This site is optimized with the Yoast SEO plugin v28.4 - https:\/\/yoast.com\/product\/yoast-seo-wordpress\/ -->\n<title>Datenschutzrichtlinie | Hotel Platja d&#039;Aro<\/title>\n<meta name=\"robots\" content=\"noindex, follow\" \/>\n<meta property=\"og:locale\" content=\"de_DE\" \/>\n<meta property=\"og:type\" content=\"article\" \/>\n<meta property=\"og:title\" content=\"Datenschutzrichtlinie | Hotel Platja d&#039;Aro\" \/>\n<meta property=\"og:description\" content=\"Datenschutzrichtlinie Verantwortlicher: Castell de Camos, S.L. &#8211; NIF: B17649757. Postanschrift: Avda. De La Platja, 25 &#8211; Castell D Aro 17249 Girona. Im Namen des Unternehmens verarbeiten wir die Informationen, die Sie uns zur Verf\u00fcgung stellen, um Ihnen die angeforderte Dienstleistung zu erbringen und die Rechnungsstellung durchzuf\u00fchren. Die bereitgestellten Daten werden aufbewahrt, solange die Gesch\u00e4ftsbeziehung besteht,&hellip;&nbsp;\" \/>\n<meta property=\"og:url\" content=\"https:\/\/www.hplatjadaro.com\/de\/datenschutzrichtlinie\/\" \/>\n<meta property=\"og:site_name\" content=\"Hotel Platja d&#039;Aro\" \/>\n<meta property=\"article:publisher\" content=\"https:\/\/www.facebook.com\/hotelplatjadaro\/\" \/>\n<meta property=\"article:modified_time\" content=\"2026-08-19T11:31:37+00:00\" \/>\n<meta property=\"og:image\" content=\"https:\/\/www.hplatjadaro.com\/wp-content\/uploads\/2026\/09\/logo-hplatjadaro.webp\" \/>\n\t<meta property=\"og:image:width\" content=\"1280\" \/>\n\t<meta property=\"og:image:height\" content=\"720\" \/>\n\t<meta property=\"og:image:type\" content=\"image\/webp\" \/>\n<meta name=\"twitter:card\" content=\"summary_large_image\" \/>\n<meta name=\"twitter:label1\" content=\"Gesch\u00e4tzte Lesezeit\" \/>\n\t<meta name=\"twitter:data1\" content=\"1\u00a0Minute\" \/>\n<script type=\"application\/ld+json\" class=\"yoast-schema-graph\">{\"@context\":\"https:\\\/\\\/schema.org\",\"@graph\":[{\"@type\":\"WebPage\",\"@id\":\"https:\\\/\\\/www.hplatjadaro.com\\\/de\\\/datenschutzrichtlinie\\\/\",\"url\":\"https:\\\/\\\/www.hplatjadaro.com\\\/de\\\/datenschutzrichtlinie\\\/\",\"name\":\"Datenschutzrichtlinie | Hotel Platja d&#039;Aro\",\"isPartOf\":{\"@id\":\"https:\\\/\\\/www.hplatjadaro.com\\\/de\\\/#website\"},\"datePublished\":\"2023-12-20T09:06:46+00:00\",\"dateModified\":\"2026-08-19T11:31:37+00:00\",\"breadcrumb\":{\"@id\":\"https:\\\/\\\/www.hplatjadaro.com\\\/de\\\/datenschutzrichtlinie\\\/#breadcrumb\"},\"inLanguage\":\"de\",\"potentialAction\":[{\"@type\":\"ReadAction\",\"target\":[\"https:\\\/\\\/www.hplatjadaro.com\\\/de\\\/datenschutzrichtlinie\\\/\"]}]},{\"@type\":\"BreadcrumbList\",\"@id\":\"https:\\\/\\\/www.hplatjadaro.com\\\/de\\\/datenschutzrichtlinie\\\/#breadcrumb\",\"itemListElement\":[{\"@type\":\"ListItem\",\"position\":1,\"name\":\"Portada\",\"item\":\"https:\\\/\\\/www.hplatjadaro.com\\\/de\\\/\"},{\"@type\":\"ListItem\",\"position\":2,\"name\":\"Datenschutzrichtlinie\"}]},{\"@type\":\"WebSite\",\"@id\":\"https:\\\/\\\/www.hplatjadaro.com\\\/de\\\/#website\",\"url\":\"https:\\\/\\\/www.hplatjadaro.com\\\/de\\\/\",\"name\":\"Hotel Platja d'Aro\",\"description\":\"Un hotel familiar al costat de la platja\",\"publisher\":{\"@id\":\"https:\\\/\\\/www.hplatjadaro.com\\\/de\\\/#organization\"},\"alternateName\":\"Hotel Platja d'Aro\",\"potentialAction\":[{\"@type\":\"SearchAction\",\"target\":{\"@type\":\"EntryPoint\",\"urlTemplate\":\"https:\\\/\\\/www.hplatjadaro.com\\\/de\\\/?s={search_term_string}\"},\"query-input\":{\"@type\":\"PropertyValueSpecification\",\"valueRequired\":true,\"valueName\":\"search_term_string\"}}],\"inLanguage\":\"de\"},{\"@type\":\"Organization\",\"@id\":\"https:\\\/\\\/www.hplatjadaro.com\\\/de\\\/#organization\",\"name\":\"Hotel Platja d'Aro\",\"alternateName\":\"Hotel Platja d'Aro\",\"url\":\"https:\\\/\\\/www.hplatjadaro.com\\\/de\\\/\",\"logo\":{\"@type\":\"ImageObject\",\"inLanguage\":\"de\",\"@id\":\"https:\\\/\\\/www.hplatjadaro.com\\\/de\\\/#\\\/schema\\\/logo\\\/image\\\/\",\"url\":\"https:\\\/\\\/www.hplatjadaro.com\\\/wp-content\\\/uploads\\\/2026\\\/07\\\/favicon.png\",\"contentUrl\":\"https:\\\/\\\/www.hplatjadaro.com\\\/wp-content\\\/uploads\\\/2026\\\/07\\\/favicon.png\",\"width\":512,\"height\":512,\"caption\":\"Hotel Platja d'Aro\"},\"image\":{\"@id\":\"https:\\\/\\\/www.hplatjadaro.com\\\/de\\\/#\\\/schema\\\/logo\\\/image\\\/\"},\"sameAs\":[\"https:\\\/\\\/www.facebook.com\\\/hotelplatjadaro\\\/\",\"https:\\\/\\\/www.linkedin.com\\\/company\\\/grup-aromar\\\/about\\\/\",\"https:\\\/\\\/www.instagram.com\\\/hotelplatjadaro\\\/\",\"https:\\\/\\\/www.tiktok.com\\\/@aromarhotels\"]}]}<\/script>\n<!-- \/ Yoast SEO plugin. -->","yoast_head_json":{"title":"Datenschutzrichtlinie | Hotel Platja d&#039;Aro","robots":{"index":"noindex","follow":"follow"},"og_locale":"de_DE","og_type":"article","og_title":"Datenschutzrichtlinie | Hotel Platja d&#039;Aro","og_description":"Datenschutzrichtlinie Verantwortlicher: Castell de Camos, S.L. &#8211; NIF: B17649757. Postanschrift: Avda. De La Platja, 25 &#8211; Castell D Aro 17249 Girona. Im Namen des Unternehmens verarbeiten wir die Informationen, die Sie uns zur Verf\u00fcgung stellen, um Ihnen die angeforderte Dienstleistung zu erbringen und die Rechnungsstellung durchzuf\u00fchren. Die bereitgestellten Daten werden aufbewahrt, solange die Gesch\u00e4ftsbeziehung besteht,&hellip;&nbsp;","og_url":"https:\/\/www.hplatjadaro.com\/de\/datenschutzrichtlinie\/","og_site_name":"Hotel Platja d&#039;Aro","article_publisher":"https:\/\/www.facebook.com\/hotelplatjadaro\/","article_modified_time":"2026-08-19T11:31:37+00:00","og_image":[{"width":1280,"height":720,"url":"https:\/\/www.hplatjadaro.com\/wp-content\/uploads\/2026\/09\/logo-hplatjadaro.webp","type":"image\/webp"}],"twitter_card":"summary_large_image","twitter_misc":{"Gesch\u00e4tzte Lesezeit":"1\u00a0Minute"},"schema":{"@context":"https:\/\/schema.org","@graph":[{"@type":"WebPage","@id":"https:\/\/www.hplatjadaro.com\/de\/datenschutzrichtlinie\/","url":"https:\/\/www.hplatjadaro.com\/de\/datenschutzrichtlinie\/","name":"Datenschutzrichtlinie | Hotel Platja d&#039;Aro","isPartOf":{"@id":"https:\/\/www.hplatjadaro.com\/de\/#website"},"datePublished":"2023-12-20T09:06:46+00:00","dateModified":"2026-08-19T11:31:37+00:00","breadcrumb":{"@id":"https:\/\/www.hplatjadaro.com\/de\/datenschutzrichtlinie\/#breadcrumb"},"inLanguage":"de","potentialAction":[{"@type":"ReadAction","target":["https:\/\/www.hplatjadaro.com\/de\/datenschutzrichtlinie\/"]}]},{"@type":"BreadcrumbList","@id":"https:\/\/www.hplatjadaro.com\/de\/datenschutzrichtlinie\/#breadcrumb","itemListElement":[{"@type":"ListItem","position":1,"name":"Portada","item":"https:\/\/www.hplatjadaro.com\/de\/"},{"@type":"ListItem","position":2,"name":"Datenschutzrichtlinie"}]},{"@type":"WebSite","@id":"https:\/\/www.hplatjadaro.com\/de\/#website","url":"https:\/\/www.hplatjadaro.com\/de\/","name":"Hotel Platja d'Aro","description":"Un hotel familiar al costat de la platja","publisher":{"@id":"https:\/\/www.hplatjadaro.com\/de\/#organization"},"alternateName":"Hotel Platja d'Aro","potentialAction":[{"@type":"SearchAction","target":{"@type":"EntryPoint","urlTemplate":"https:\/\/www.hplatjadaro.com\/de\/?s={search_term_string}"},"query-input":{"@type":"PropertyValueSpecification","valueRequired":true,"valueName":"search_term_string"}}],"inLanguage":"de"},{"@type":"Organization","@id":"https:\/\/www.hplatjadaro.com\/de\/#organization","name":"Hotel Platja d'Aro","alternateName":"Hotel Platja d'Aro","url":"https:\/\/www.hplatjadaro.com\/de\/","logo":{"@type":"ImageObject","inLanguage":"de","@id":"https:\/\/www.hplatjadaro.com\/de\/#\/schema\/logo\/image\/","url":"https:\/\/www.hplatjadaro.com\/wp-content\/uploads\/2026\/07\/favicon.png","contentUrl":"https:\/\/www.hplatjadaro.com\/wp-content\/uploads\/2026\/07\/favicon.png","width":512,"height":512,"caption":"Hotel Platja d'Aro"},"image":{"@id":"https:\/\/www.hplatjadaro.com\/de\/#\/schema\/logo\/image\/"},"sameAs":["https:\/\/www.facebook.com\/hotelplatjadaro\/","https:\/\/www.linkedin.com\/company\/grup-aromar\/about\/","https:\/\/www.instagram.com\/hotelplatjadaro\/","https:\/\/www.tiktok.com\/@aromarhotels"]}]}},"_links":{"self":[{"href":"https:\/\/www.hplatjadaro.com\/de\/wp-json\/wp\/v2\/pages\/7504","targetHints":{"allow":["GET"]}}],"collection":[{"href":"https:\/\/www.hplatjadaro.com\/de\/wp-json\/wp\/v2\/pages"}],"about":[{"href":"https:\/\/www.hplatjadaro.com\/de\/wp-json\/wp\/v2\/types\/page"}],"author":[{"embeddable":true,"href":"https:\/\/www.hplatjadaro.com\/de\/wp-json\/wp\/v2\/users\/1"}],"replies":[{"embeddable":true,"href":"https:\/\/www.hplatjadaro.com\/de\/wp-json\/wp\/v2\/comments?post=7504"}],"version-history":[{"count":10,"href":"https:\/\/www.hplatjadaro.com\/de\/wp-json\/wp\/v2\/pages\/7504\/revisions"}],"predecessor-version":[{"id":9590,"href":"https:\/\/www.hplatjadaro.com\/de\/wp-json\/wp\/v2\/pages\/7504\/revisions\/9590"}],"wp:attachment":[{"href":"https:\/\/www.hplatjadaro.com\/de\/wp-json\/wp\/v2\/media?parent=7504"}],"curies":[{"name":"wp","href":"https:\/\/api.w.org\/{rel}","templated":true}]}}

<div data-elementor-type="wp-page" data-elementor-id="7504" class="elementor elementor-7504 elementor-4453" data-elementor-post-type="page">
				<div class="elementor-element elementor-element-5fdd0a7 e-flex e-con-boxed e-con e-parent" data-id="5fdd0a7" data-element_type="container" data-e-type="container" data-settings="{&quot;background_background&quot;:&quot;classic&quot;}">
					<div class="e-con-inner">
				<div class="elementor-element elementor-element-1be5286 elementor-widget elementor-widget-heading" data-id="1be5286" data-element_type="widget" data-e-type="widget" data-widget_type="heading.default">
				<div class="elementor-widget-container">
					<h1 class="elementor-heading-title elementor-size-default">Datenschutzrichtlinie</h1>				</div>
				</div>
					</div>
				</div>
		<div class="elementor-element elementor-element-48bec53 e-flex e-con-boxed e-con e-parent" data-id="48bec53" data-element_type="container" data-e-type="container">
					<div class="e-con-inner">
				<div class="elementor-element elementor-element-38b59fe elementor-widget elementor-widget-text-editor" data-id="38b59fe" data-element_type="widget" data-e-type="widget" data-widget_type="text-editor.default">
				<div class="elementor-widget-container">
									<p><strong>Verantwortlicher:</strong> Castell de Camos, S.L. &#8211; NIF: B17649757. Postanschrift: Avda. De La Platja, 25 &#8211; Castell D Aro 17249 Girona.</p><p>Im Namen des Unternehmens verarbeiten wir die Informationen, die Sie uns zur Verfügung stellen, um Ihnen die angeforderte Dienstleistung zu erbringen und die Rechnungsstellung durchzuführen. Die bereitgestellten Daten werden aufbewahrt, solange die Geschäftsbeziehung besteht, oder für die Jahre, die zur Erfüllung der gesetzlichen Verpflichtungen erforderlich sind. Die Daten werden nicht an Dritte weitergegeben, außer in Fällen, in denen eine gesetzliche Verpflichtung besteht. Sie haben das Recht, eine Bestätigung darüber zu erhalten, ob Castell de Camos, S.L. Ihre personenbezogenen Daten verarbeitet, und somit das Recht, auf Ihre personenbezogenen Daten zuzugreifen, unrichtige Daten zu berichtigen oder deren Löschung zu verlangen, wenn die Daten nicht mehr erforderlich sind.</p>								</div>
				</div>
					</div>
				</div>
				</div>

<p>Datenschutzrichtlinie Verantwortlicher: Castell de Camos, S.L. &#8211; NIF: B17649757. Postanschrift: Avda. De La Platja, 25 &#8211; Castell D Aro 17249 Girona. Im Namen des Unternehmens verarbeiten wir die Informationen, die Sie uns zur Verfügung stellen, um Ihnen die angeforderte Dienstleistung zu erbringen und die Rechnungsstellung durchzuführen. Die bereitgestellten Daten werden aufbewahrt, solange die Geschäftsbeziehung besteht,&hellip;&nbsp;</p>

<!-- This site is optimized with the Yoast SEO plugin v28.4 - https://yoast.com/product/yoast-seo-wordpress/ -->
<title>Datenschutzrichtlinie | Hotel Platja d&#039;Aro</title>
<meta name="robots" content="noindex, follow" />
<meta property="og:locale" content="de_DE" />
<meta property="og:type" content="article" />
<meta property="og:title" content="Datenschutzrichtlinie | Hotel Platja d&#039;Aro" />
<meta property="og:description" content="Datenschutzrichtlinie Verantwortlicher: Castell de Camos, S.L. &#8211; NIF: B17649757. Postanschrift: Avda. De La Platja, 25 &#8211; Castell D Aro 17249 Girona. Im Namen des Unternehmens verarbeiten wir die Informationen, die Sie uns zur Verfügung stellen, um Ihnen die angeforderte Dienstleistung zu erbringen und die Rechnungsstellung durchzuführen. Die bereitgestellten Daten werden aufbewahrt, solange die Geschäftsbeziehung besteht,&hellip;&nbsp;" />
<meta property="og:url" content="https://www.hplatjadaro.com/de/datenschutzrichtlinie/" />
<meta property="og:site_name" content="Hotel Platja d&#039;Aro" />
<meta property="article:publisher" content="https://www.facebook.com/hotelplatjadaro/" />
<meta property="article:modified_time" content="2026-08-19T11:31:37+00:00" />
<meta property="og:image" content="https://www.hplatjadaro.com/wp-content/uploads/2026/09/logo-hplatjadaro.webp" />
	<meta property="og:image:width" content="1280" />
	<meta property="og:image:height" content="720" />
	<meta property="og:image:type" content="image/webp" />
<meta name="twitter:card" content="summary_large_image" />
<meta name="twitter:label1" content="Geschätzte Lesezeit" />
	<meta name="twitter:data1" content="1 Minute" />
<script type="application/ld+json" class="yoast-schema-graph">{"@context":"https:\/\/schema.org","@graph":[{"@type":"WebPage","@id":"https:\/\/www.hplatjadaro.com\/de\/datenschutzrichtlinie\/","url":"https:\/\/www.hplatjadaro.com\/de\/datenschutzrichtlinie\/","name":"Datenschutzrichtlinie | Hotel Platja d&#039;Aro","isPartOf":{"@id":"https:\/\/www.hplatjadaro.com\/de\/#website"},"datePublished":"2023-12-20T09:06:46+00:00","dateModified":"2026-08-19T11:31:37+00:00","breadcrumb":{"@id":"https:\/\/www.hplatjadaro.com\/de\/datenschutzrichtlinie\/#breadcrumb"},"inLanguage":"de","potentialAction":[{"@type":"ReadAction","target":["https:\/\/www.hplatjadaro.com\/de\/datenschutzrichtlinie\/"]}]},{"@type":"BreadcrumbList","@id":"https:\/\/www.hplatjadaro.com\/de\/datenschutzrichtlinie\/#breadcrumb","itemListElement":[{"@type":"ListItem","position":1,"name":"Portada","item":"https:\/\/www.hplatjadaro.com\/de\/"},{"@type":"ListItem","position":2,"name":"Datenschutzrichtlinie"}]},{"@type":"WebSite","@id":"https:\/\/www.hplatjadaro.com\/de\/#website","url":"https:\/\/www.hplatjadaro.com\/de\/","name":"Hotel Platja d'Aro","description":"Un hotel familiar al costat de la platja","publisher":{"@id":"https:\/\/www.hplatjadaro.com\/de\/#organization"},"alternateName":"Hotel Platja d'Aro","potentialAction":[{"@type":"SearchAction","target":{"@type":"EntryPoint","urlTemplate":"https:\/\/www.hplatjadaro.com\/de\/?s={search_term_string}"},"query-input":{"@type":"PropertyValueSpecification","valueRequired":true,"valueName":"search_term_string"}}],"inLanguage":"de"},{"@type":"Organization","@id":"https:\/\/www.hplatjadaro.com\/de\/#organization","name":"Hotel Platja d'Aro","alternateName":"Hotel Platja d'Aro","url":"https:\/\/www.hplatjadaro.com\/de\/","logo":{"@type":"ImageObject","inLanguage":"de","@id":"https:\/\/www.hplatjadaro.com\/de\/#\/schema\/logo\/image\/","url":"https:\/\/www.hplatjadaro.com\/wp-content\/uploads\/2026\/07\/favicon.png","contentUrl":"https:\/\/www.hplatjadaro.com\/wp-content\/uploads\/2026\/07\/favicon.png","width":512,"height":512,"caption":"Hotel Platja d'Aro"},"image":{"@id":"https:\/\/www.hplatjadaro.com\/de\/#\/schema\/logo\/image\/"},"sameAs":["https:\/\/www.facebook.com\/hotelplatjadaro\/","https:\/\/www.linkedin.com\/company\/grup-aromar\/about\/","https:\/\/www.instagram.com\/hotelplatjadaro\/","https:\/\/www.tiktok.com\/@aromarhotels"]}]}</script>
<!-- / Yoast SEO plugin. -->

Datenschutzrichtlinie Verantwortlicher: Castell de Camos, S.L. &#8211; NIF: B17649757. Postanschrift: Avda. De La Platja, 25 &#8211; Castell D Aro 17249 Girona. Im Namen des Unternehmens verarbeiten wir die Informationen, die Sie uns zur Verfügung stellen, um Ihnen die angeforderte Dienstleistung zu erbringen und die Rechnungsstellung durchzuführen. Die bereitgestellten Daten werden aufbewahrt, solange die Geschäftsbeziehung besteht,&hellip;&nbsp;
